(1). Calculate the highest common divisor of w and 93.
31
Let o be 924/10 - (-4)/(-10). Let p = o - 57. Let c(x) = 2*x**2 - 1. Let h be c(2). What is the greatest common divisor of p and h?
7
Suppose 2*i = 4*i - 40. Let r = 7 + -3. Suppose -k = 5, -r*m + 76 = -k - 129. What is the greatest common factor of i and m?
10
Suppose 3 = 2*q + 3*z, -3*q - 4 = -2*z - 2*z. Suppose -3*n + 30 + 54 = q. Calculate the highest common divisor of 28 and n.
28
Let w be (6/(-4))/(1/(-2)). Let h be ((-81)/6)/(w/(-4)). Suppose 4*j - 10 = h. Calculate the greatest common divisor of 35 and j.
7
Let q = -16 + 30. Let o = 6 - -22. Calculate the greatest common divisor of o and q.
14
Let g(d) = 11*d + 4. Suppose -2*i + 8 = -4. Let z be g(i). Calculate the highest common divisor of z and 28.
14
Let q(z) = 123*z**3 + 3*z - 2. Let b be q(1). What is the highest common divisor of b and 31?
31
Suppose 2*n - 3*w + 82 = 0, -4*w + 198 = -5*n - 0*w. Let r = -14 - n. Calculate the greatest common factor of r and 12.
12
Suppose 0 = 11*x - 9*x - 52. Calculate the greatest common divisor of 13 and x.
13
Let u = -61 - -169. Let w be 0 - -2 - (0 + -10). Calculate the highest common factor of u and w.
12
Let q = -19 + 37. Calculate the highest common factor of q and 63.
9
Let v be 24/10 - (-6)/(-15). Let b(h) = 5*h. Let t be b(v). What is the greatest common factor of t and 20?
10
Suppose 0 = -u + 10 - 6. Calculate the greatest common divisor of 16 and u.
4
Let s be 822/30 + 6/10. What is the greatest common divisor of s and 7?
7
Let m(h) = -h**3 - 7*h**2 + 9*h - 5. Let i be m(-8). Let s = 41 + i. What is the greatest common divisor of 4 and s?
4
Let v(g) = 2*g + 2. Let n be v(0). Let i(p) = 4*p**2 + 3*p - 2. Let f be i(n). Calculate the highest common factor of 8 and f.
4
Suppose 6 = -d - 0. Let q be (d/8)/((-2)/472). Suppose -q = -4*v - 33. Calculate the greatest common divisor of 4 and v.
4
Let b be (2/3)/((-6)/369). Let u = -21 - b. What is the highest common divisor of 140 and u?
20
Let x be (-55)/(-3) + 2/(-6). Suppose 0*p + x = 3*p. Calculate the greatest common factor of p and 3.
3
Suppose 0 = -2*i + 3*b + 122, 3*i - 5*b = 94 + 88. Suppose -5*c = -9*c + 32. What is the highest common divisor of c and i?
8
Let n = 121 + -86. Suppose 4*k = 4*d - 0*d + 64, 3*k - 4*d - 50 = 0. Calculate the highest common divisor of k and n.
7
Let d = 74 + -34. Let k = -22 + d. Suppose 5*z - 76 = 4*j, 5*j + 32 = z - 0*z. What is the highest common factor of z and k?
6
Let k(y) = y**2 - 6*y - 13. Let u be k(8). Let q be (2/3)/((-3)/(-9)). Let d = 26 - q. What is the greatest common factor of d and u?
3
Let c = -151 - -235. What is the highest common factor of c and 12?
12
Let s(z) = 0 - 6*z - 1 + 3*z - 11. Let p be s(-9). What is the highest common factor of 30 and p?
15
Let k be ((-6)/30)/((-3)/75). Calculate the highest common divisor of 20 and k.
5
Let a(q) = -q**2 + 4*q + 3. Let r be a(4). Let m be r/(((-4)/(-6))/2). Suppose 5*v + 25 = 0, v + 6 = -5*z + 46. Calculate the greatest common factor of z and m.
9
Let d(p) be the third derivative of p**5/20 - p**4/8 + p**3/3 + 2*p**2. Let s be d(3). What is the highest common divisor of 5 and s?
5
Let o be ((-28)/35)/((-2)/5). Suppose -3*k + 45 = -s + 5*s, -2*s = -o*k - 12. Calculate the highest common divisor of s and 9.
9
Suppose 0 = y + 4*y + 30. Let x be (-4)/(-12) + (-478)/y. Calculate the highest common divisor of 32 and x.
16
Let t(o) = o**2 + 4*o + 1. Let f be ((-18)/(-12))/((-6)/16). Let w be t(f). Suppose -w = b - 31. Calculate the greatest common factor of 15 and b.
15
Let l be (-6)/10 - (-4)/((-60)/(-1059)). What is the highest common divisor of l and 35?
35
Let f be 4/6 + (-2)/(-6). Let q be 1/(-1) - (-6 - -2). Calculate the highest common factor of f and q.
1
Let i(b) = -b**3 + 9*b**2 - 12*b + 16. Let k be i(7). What is the greatest common divisor of k and 45?
15
Let q = 207 - 135. Calculate the highest common divisor of 18 and q.
18
Let a = -26 - -52. What is the highest common divisor of 156 and a?
26
Let a(y) = -y**3 - 5*y**2 - 4*y + 5. Let s be a(-4). Let r = 1 - -9. What is the greatest common divisor of r and s?
5
Let r = 1 - -23. Let z = -7 - -15. What is the highest common divisor of z and r?
8
Let l(k) = -6*k - 32. Let m be l(-6). What is the greatest common divisor of m and 1?
1
Let x(o) = o**3 + 9*o**2 + 6*o - 8. Let s be x(-6). What is the greatest common factor of s and 32?
32
Let x = -20 + 29. What is the greatest common factor of x and 3?
3
Let q = 23 - 17. What is the highest common factor of q and 6?
6
Suppose 0 = 5*s + 3*t - 714 - 261, 3*t + 561 = 3*s. Let z(h) = h**3 + 7*h**2 + 3*h + 6. Let g be z(-6). Calculate the highest common factor of g and s.
24
Suppose -3*d - 72 = -5*d + 2*z, 4*z + 105 = 3*d. Suppose -41*y = -38*y - 39. What is the highest common divisor of y and d?
13
Suppose -z - 2*l + 12 = 0, -z + 4*l - 3*l = -15. What is the greatest common divisor of 21 and z?
7
Let n be 0*(5 - (3 - -1)). Suppose -3*p - 2*y + 74 = n, -4*y = -0*p + 3*p - 64. Calculate the highest common divisor of p and 70.
14
Suppose 4*d = 2*m - 3*m - 3, -2*m + 7 = -5*d. Let l(o) = -140*o. Let g be l(d). Calculate the highest common factor of g and 20.
20
Let k be (-1)/(-4) + (-47)/(-4). Suppose 5*i - 25 = -5*y, -2*y = 3*i - 1 - k. Let h be 4/(y/(-4) + 1). What is the greatest common divisor of 16 and h?
8
Suppose 0 = 4*p + 4*y - 120, -3*p - 18 = -4*p - 5*y. What is the greatest common divisor of 44 and p?
11
Suppose 3 = j - 26. Suppose j + 37 = 3*c. Let u = c + 23. Calculate the highest common factor of u and 5.
5
Let x(k) = 4*k - k - 2*k - 2 - 2. Let y be x(7). What is the greatest common divisor of 24 and y?
3
Suppose -2*w + 1 = -y + 11, 4*y - 51 = -3*w. Calculate the greatest common divisor of 96 and y.
12
Suppose k - 5*c + 11 = 36, -3*k = -c - 61. Let w(q) = 9*q + 1. Let s be w(1). Calculate the highest common factor of s and k.
10
Let l be 20/(-6)*(-12)/((-4)/(-4)). Let p(r) = 27*r**2 + r. Let y be p(1). Let g = -18 + y. What is the highest common divisor of l and g?
10
Suppose 8*j - 109 - 3 = 0. Suppose -12 = 3*z, 3*b - 2*b = z + 158. What is the highest common divisor of j and b?
14
Let r = -8 - -12. Suppose -y - 5*s + 49 = 0, 5*y - 3*s - 17 = r*y. Calculate the highest common factor of 232 and y.
29
Let x be (1*(3 + -1))/(-2). Let k be x + -1 + (-240)/(-3). Let s be -3*-13*(-2)/(-3). Calculate the highest common divisor of k and s.
26
Let m be (-320)/48*9/(-5). What is the greatest common factor of 96 and m?
12
Let d be (-2 + 2)/4 - -65. Calculate the highest common factor of d and 13.
13
Let i be 950/75 + (-1)/(-6)*2. Let t = 135 + -44. What is the greatest common divisor of i and t?
13
Suppose -38 = 3*m - 116. What is the greatest common divisor of m and 39?
13
Let s = -9 - 17. Suppose 0 = -q - 5*m - 44, -5*m = -4*q - 2*m - 222. Let x = s - q. Calculate the greatest common factor of x and 7.
7
Suppose 9 = -4*h - 3*o, -3*o = 2*h - o + 6. Suppose 0 = -2*m + 20 - h. Let l = -208 - -308. Calculate the greatest common divisor of m and l.
10
Let v be (-4)/(-2)*(-2 + 6). Let o be 82/3 - (-6)/9. Let y = 100 - o. What is the highest common divisor of y and v?
8
Let x be (-16)/5 - 1/(-5). Let y = 17 + x. What is the highest common divisor of 7 and y?
7
Suppose -3*m + 1189 = 5*u - 60, -m - 1006 = -4*u. Let a = u - 75. Calculate the highest common factor of 16 and a.
16
Let k be 60/(-25)*(-1 + -4). Calculate the greatest common divisor of k and 108.
12
Let b(c) = -11*c - 2. Let i be b(-2). Suppose 543 = 3*h + 2*h + 4*p, 4*h - 3*p = 422. Let g = 187 - h. Calculate the greatest common factor of i and g.
20
Let y = 200 + -101. Suppose 9 = -4*x + 45. What is the highest common factor of y and x?
9
Let w = 37 + -17. Let h(k) = k**3 - 8*k**2 - 19*k + 20. Let m be h(10). Calculate the greatest common divisor of w and m.
10
Let b = 9 - 8. Let r be 3 + b*9/3. Calculate the greatest common divisor of r and 66.
6
Let b = -26 - -52. Calculate the highest common factor of b and 13.
13
Suppose 5*r = 3*r - 4. Let o be r/11 - 3999/(-33). Suppose -n + 15 - 4 = 0. Calculate the greatest common factor of n and o.
11
Suppose -9*u = -0*u - 72. Let o = 14 - 6. What is the highest common divisor of u and o?
8
Let k = -29 - -47. What is the highest common div